 when 111347 is divided by 18553.
29
Calculate the remainder when 553936 is divided by 797.
21
Calculate the remainder when 8435647 is divided by 8435633.
14
Calculate the remainder when 10223137 is divided by 1847.
1839
Calculate the remainder when 118176 is divided by 16867.
107
Calculate the remainder when 187693 is divided by 26716.
681
What is the remainder when 18588849 is divided by 17?
12
Calculate the remainder when 60414635 is divided by 208.
203
What is the remainder when 671411 is divided by 44709?
776
What is the remainder when 27190 is divided by 8957?
319
What is the remainder when 4591779 is divided by 4591658?
121
Calculate the remainder when 52140 is divided by 543.
12
Calculate the remainder when 8057858 is divided by 457.
34
What is the remainder when 12735173 is divided by 60?
53
What is the remainder when 172275 is divided by 81?
69
What is the remainder when 1005997 is divided by 502827?
343
Calculate the remainder when 2040721 is divided by 192.
145
What is the remainder when 2273189 is divided by 785?
614
Calculate the remainder when 19148981 is divided by 17584.
5
Calculate the remainder when 26395 is divided by 2986.
2507
What is the remainder when 66537069 is divided by 7754?
7749
What is the remainder when 26441769 is divided by 199?
42
Calculate the remainder when 676364 is divided by 2838.
920
Calculate the remainder when 1425156 is divided by 20.
16
Calculate the remainder when 3860069 is divided by 565.
554
What is the remainder when 4957098 is divided by 133970?
208
What is the remainder when 1538146 is divided by 45?
1
Calculate the remainder when 1014750 is divided by 109.
69
Calculate the remainder when 3534202 is divided by 70684.
2
What is the remainder when 104062 is divided by 5181?
442
What is the remainder when 3765808 is divided by 165?
13
What is the remainder when 5732721 is divided by 250?
221
Calculate the remainder when 197437409 is divided by 65812469.
2
What is the remainder when 1508399 is divided by 3337?
75
What is the remainder when 353367 is divided by 98?
77
Calculate the remainder when 164007 is divided by 1518.
63
What is the remainder when 209844701 is divided by 4252?
4249
What is the remainder when 1202956 is divided by 13?
1
Calculate the remainder when 2026488 is divided by 236.
192
What is the remainder when 3641 is divided by 1037?
530
Calculate the remainder when 14242 is divided by 3521.
158
What is the remainder when 727151 is divided by 8977?
14
Calculate the remainder when 35535 is divided by 1961.
237
Calculate the remainder when 50187866 is divided by 488.
482
What is the remainder when 538300 is divided by 35417?
7045
What is the remainder when 31459 is divided by 2596?
307
What is the remainder when 117334130 is divided by 359?
6
What is the remainder when 366413 is divided by 91392?
845
What is the remainder when 247006 is divided by 206?
12
What is the remainder when 1885727 is divided by 49621?
129
Calculate the remainder when 1652597 is divided by 6211.
471
Calculate the remainder when 30758411 is divided by 904658.
39
Calculate the remainder when 780259 is divided by 1815.
1624
What is the remainder when 26988 is divided by 5389?
43
What is the remainder when 312103 is divided by 187?
0
What is the remainder when 7813047 is divided by 175?
172
Calculate the remainder when 205173 is divided by 7.
3
What is the remainder when 1697326 is divided by 4080?
46
What is the remainder when 546263 is divided by 542?
469
What is the remainder when 100816 is divided by 1524?
232
Calculate the remainder when 21135001 is divided by 17701.
7
Calculate the remainder when 1045732 is divided by 87144.
4
What is the remainder when 5277796 is divided by 129?
19
Calculate the remainder when 1830569 is divided by 166395.
224
Calculate the remainder when 70224392 is divided by 969.
962
What is the remainder when 41307976 is divided by 2664?
2656
What is the remainder when 12755704 is divided by 610?
604
Calculate the remainder when 2934448 is divided by 346.
22
What is the remainder when 910143 is divided by 5693?
4956
Calculate the remainder when 2936785 is divided by 1033.
999
Calculate the remainder when 37343 is divided by 3029.
995
Calculate the remainder when 11117315 is divided by 18.
11
Calculate the remainder when 431039 is divided by 978.
719
What is the remainder when 1149388 is divided by 5864?
44
What is the remainder when 45239 is divided by 5441?
1711
Calculate the remainder when 1466212 is divided by 488736.
4
Calculate the remainder when 5034293 is divided by 740.
73
What is the remainder when 119136256 is divided by 523?
517
What is the remainder when 382764 is divided by 1099?
312
What is the remainder when 979932 is divided by 1029?
324
Calculate the remainder when 6152 is divided by 2266.
1620
What is the remainder when 623471 is divided by 635?
536
Calculate the remainder when 26083765 is divided by 58.
5
What is the remainder when 312552 is divided by 423?
378
Calculate the remainder when 20206 is divided by 6530.
616
Calculate the remainder when 28913 is divided by 1430.
313
What is the remainder when 3053102 is divided by 4808?
22
What is the remainder when 2512743 is divided by 1060?
543
What is the remainder when 36109804 is divided by 16?
12
What is the remainder when 52510 is divided by 16461?
3127
Calculate the remainder when 28151728 is divided by 21.
10
What is the remainder when 1714435 is divided by 652?
327
What is the remainder when 95441817 is divided by 25?
17
What is the remainder when 1180202 is divided by 174?
134
What is the remainder when 1789630 is divided by 204?
142
Calculate the remainder when 22511 is divided by 72.
47
What is the remainder when 12978 is divided by 305?
168
What is the remainder when 556739 is divided by 163?
94
What is the remainder when 5938869 is divided by 5279?
5273
Calculate the remainder when 7166977 is divided by 146.
129
What is the remainder when 3228506 is divided by 1371?
1172
What is the remainder when 284904 is divided by 98?
18
What is the remainder when 789194 is divided by 60419?
3747
Calculate the remainder when 7223796 is divided by 7604.
7600
Calculate the remainder when 147224 is divided by 48508.
1700
What is the remainder when 136738 is divided by 22738?
310
Calculate the remainder when 6178376 is divided by 34.
32
What is the remainder when 21578419 is divided by 257?
185
What is the remainder when 438869158 is divided by 17?
14
What is the remainder when 5453197 is divided by 23813?
20
What is the remainder when 555666 is divided by 277762?
142
What is the remainder when 445751 is divided by 1315?
1281
What is the remainder when 27199180 is divided by 28451?
24
What is the remainder when 260537 is divided by 753?
752
Calculate the remainder when 12668 is divided by 185.
88
Calculate the remainder when 2982052 is divided by 721.
717
What is the remainder when 272378 is divided by 128?
122
What is the remainder when 4179647 is divided by 95?
27
Calculate the remainder when 10532599 is divided by 752328.
7
Calculate the remainder when 4958 is divided by 409.
50
What is the remainder when 174786 is divided by 2694?
2370
What is the remainder when 51070676 is divided by 56060?
16
What is the remainder when 13770992 is divided by 5373?
5366
Calculate the remainder when 2841648 is divided by 405936.
96
What is the remainder when 56808285 is divided by 2090?
2085
What is the remainder when 18736251 is divided by 43?
33
What is the remainder when 1099334 is divided by 1098796?
538
What is the remainder when 46003 is divided by 228?
175
What is the remainder when 47864 is divided by 13925?
6089
Calculate the remainder when 6482257 is divided by 6482247.
10
What is the remainder when 1629199 is divided by 68?
55
What is the remainder when 5799817 is divided by 13842?
19
Calculate the remainder when 44124 is divided by 1294.
128
Calculate the remainder when 149052 is divided by 3384.
156
Calculate the remainder when 2081853 is divided by 2.
1
Calculate the remainder when 30512374 is divided by 10170789.
7
What is the remainder when 1122284 is divided by 485?
479
What is the remainder when 3940855 is divided by 661?
634
Calculate the remainder when 139374 is divided by 12633.
411
What is the remainder when 